672. List the prime factors of h.
2, 7
Let i(p) = 13*p + 9. Let t be i(6). Suppose 3*z + 2*c = 235, z + c + 4*c = t. List the prime factors of z.
7, 11
Let k = 105 + 312. What are the prime factors of k?
3, 139
Let r(j) be the second derivative of -j**5/20 - j**4/3 - j**3/6 - j**2 + 3*j. Let a(g) = -g + 7. Let s be a(12). List the prime factors of r(s).
2, 7
Let w = 18 - 14. What are the prime factors of ((-44)/8)/((-2)/w)?
11
Suppose 24 = -2*c + 3*c. Let i be 24*(-3)/(36/(-16)) + 1. Let x = i - c. List the prime factors of x.
3
Suppose d = 4*d + 138. Let w = 14 + d. What are the prime factors of (-5)/(-1)*w/(-5)?
2
What are the prime factors of -12*10/25*(-35)/4?
2, 3, 7
Let v be (194/(-4))/((-17)/34). List the prime factors of -1 + -4 + 7 + v/1.
3, 11
Let i be (-6)/(-33) + (-300100)/110. What are the prime factors of (-2)/5 - (-1 - i/(-20))?
137
Suppose -y + 18 = -2*x, -2*y + 1 = 3*x + 21. List the prime factors of 0 - (-4 - x) - -131.
127
Let d be 0 + (1 - -1 - 1). Let r = 5 - d. List the prime factors of (r + -1 - 1) + 19.
3, 7
Let k(q) = q**2 - 13*q + 6. Suppose -b = 2*b - 18. Let o be k(b). Let v = o + 53. List the prime factors of v.
17
Suppose 0 = g - 85 - 435. What are the prime factors of g?
2, 5, 13
Suppose -2*z - w = -3049, -4*w = -5*z + 11743 - 4140. List the prime factors of z.
1523
What are the prime factors of -198*(-6)/45*(24 - 4)?
2, 3, 11
Let m(u) = -7*u - 14. Let q(o) = 7*o + 13. Let y(r) = -5*m(r) - 6*q(r). What are the prime factors of y(-11)?
3, 23
Let b = 55 + -55. Suppose -3*v + 2*n = -109, -v + 5*n + 43 + 2 = b. List the prime factors of v.
5, 7
Suppose 2*u = 2*m - 168, 37 + 129 = 2*m - u. Let g = 149 - m. What are the prime factors of g?
67
Let z(j) = -j**2 + 19*j - 13. Let d be z(16). Let v = d - -30. List the prime factors of v.
5, 13
Suppose 7*h - 9 = 4*h. Let z(v) = -9*v**2 - v**h + 5*v + 0*v**2 - 10 + 5. What are the prime factors of z(-10)?
3, 5
Let l(x) = 4*x**2 - 4*x + 34. List the prime factors of l(-8).
2, 7, 23
Let w be (-3)/(-12) + 1/(4/519). Suppose -y - w = -5*x, 17 = x + y - 3. List the prime factors of x.
5
Let c = -80 - -308. Suppose 5*w = 5*v - 370, -3*v - w = 2*w - c. What are the prime factors of v?
3, 5
Suppose -2*c + 13*c - 33 = 0. Suppose 7*l - c*l - 444 = -3*r, -l = r - 110. List the prime factors of l.
2, 3, 19
Let o(b) = -90*b - 52. What are the prime factors of o(-9)?
2, 379
Suppose f + 5*d = -3*f + 2947, 5*f = 3*d + 3730. List the prime factors of f.
743
What are the prime factors of (-4)/6 - 14340/(-18)?
2, 199
Suppose -2*w = 63 - 425. Let u = w - 97. List the prime factors of u.
2, 3, 7
Suppose 21 = -w + 5*p, 2*p + 66 = -2*w - 0*p. Let g = w - -78. Let u = 72 - g. List the prime factors of u.
5
Suppose 8 - 12 = -2*u. Let s(g) = g**2 + 10*g**2 - 2*g**2 - 2*g + g**u. List the prime factors of s(-2).
2, 11
Let v(j) = -3*j - 20. Let w be v(-11). What are the prime factors of w/(65/15 - 4)?
3, 13
Suppose -3*h - 2048 = -4*a - h, 4*a = 5*h + 2060. Suppose -n + 5*x + 118 = 0, 0*n - a = -5*n + 5*x. Let u = n + -53. What are the prime factors of u?
3, 5
Let o(s) = -s**2 - s + 4. Let z be (-2 - (-2 - -1))*2. What are the prime factors of o(z)?
2
Let w(c) = 4*c**2 - 22*c - 59. List the prime factors of w(22).
7, 199
Suppose -5*y + 8*y = 15. Suppose 4*u - 32 - 9 = -y*q, -u + 17 = -q. Suppose 0 = 5*x - u - 6. List the prime factors of x.
2
Suppose 0 = 11*o - 0*o - 121. Suppose -2004 = -o*g - 2. List the prime factors of g.
2, 7, 13
Let a = 3096 + -1963. List the prime factors of a.
11, 103
Let n = -104 - -108. Suppose -a + n*a - 417 = 0. List the prime factors of a.
139
Let m(q) = 6*q**2 + 4*q - 21. List the prime factors of m(-7).
5, 7
Let l(g) = g + 5. Let x be l(3). Suppose 0 = -5*i + 3*f + x, 5*f + 4 = 4*i + 2*f. Suppose -5*u - 8 = -i*v, v - 2 = -4*u - 0. List the prime factors of v.
2
Let i(j) = 32*j + 1. Let d be i(-2). Let b = -198 + 171. List the prime factors of (b/(-3))/3 - d.
2, 3, 11
Suppose 3*p = 4*p - 9. Suppose -p = -3*z + 3, 5*z = -3*s + 278. List the prime factors of s.
2, 43
Suppose -4*g = -5*g - 24. List the prime factors of (-2398)/(-18) - g/(-108).
7, 19
Suppose -3*z + 4 + 11 = -3*h, 18 = -4*h + 3*z. What are the prime factors of h/7 + 0 + (-3632)/(-14)?
7, 37
Let t be (-2 - -7)*(-4 + 3). Let y = 18 - t. List the prime factors of y.
23
Let u = 20 + -16. Suppose -86 = -u*x + 234. Let d = x + -30. List the prime factors of d.
2, 5
Let w(v) = -7*v**2 + 20*v + 6. Let g(l) = -20*l**2 + 60*l + 17. Let u(b) = 6*g(b) - 17*w(b). Let p be 1 + 21 + (-7 - -3). List the prime factors of u(p).
2, 3
Let d be 32/(2*(-4)/(-8)). Suppose -g + 100 = -d. List the prime factors of g.
2, 3, 11
Suppose -c + 14 = 5*j - 2*j, 5*j + 4*c = 35. Suppose 5*m = 3*r - j, 6 - 2 = 4*r. Suppose -4*v + 0*v + 48 = m. What are the prime factors of v?
2, 3
Let h(z) be the third derivative of 17*z**5/15 + z**4/4 - 5*z**3/6 + 4*z**2. What are the prime factors of h(1)?
3, 23
Suppose 20*y - 13*y = 728. Suppose 4*i = -2*p + y, 3*p - 181 = -4*i - 31. What are the prime factors of p?
2, 23
Let s(i) = i**2 + 14*i + 16. Let m be s(-13). Suppose -4*l + m*l + 58 = 0. What are the prime factors of l?
2, 29
List the prime factors of 20*(4 - (-248 - 7)).
2, 5, 7, 37
Let z(h) = h**2 + h - 6. Let p be z(-4). Suppose 7*j - 31 = p*j. Suppose -59 = -2*s + 5*c, -j = -s - 2*c + 12. What are the prime factors of s?
37
Let f(u) = 40*u**2 + 4*u + 17. What are the prime factors of f(4)?
673
Let g = 21 - 34. List the prime factors of (-10)/(-65) - 2039/g.
157
Suppose 5*s - 2934 = 2*s. What are the prime factors of s?
2, 3, 163
Suppose -4*b - 1 = 3*a - 2*b, 5 = -b. Suppose r = 16 - a. Suppose -r = -2*i + 19. List the prime factors of i.
2
Let k = -27 - -36. Suppose -k*d + 440 = 11*d. List the prime factors of d.
2, 11
Let c be 1045/152 - (-2)/16. Let u = c - -47. What are the prime factors of u?
2, 3
Let x(k) = 3*k - 6. Let r be x(3). Suppose 0 = -r*b - 251 - 100. Let g = -82 - b. What are the prime factors of g?
5, 7
Suppose l - 75 = -2*t, 4 = 5*l - 1. Suppose 0 = 10*j - 9*j - t. Suppose -n = -j + 13. List the prime factors of n.
2, 3
Suppose -3*z + 7*z = -2*h + 7676, -3846 = -h + 2*z. What are the prime factors of h?
2, 17, 113
Let z = -73 + 75. Let l(d) = 8*d**2 + 7*d - 3. What are the prime factors of l(z)?
43
Suppose -10*k + 3*k = -350. Suppose 7*v - 5*v - k = 0. What are the prime factors of v?
5
Let x(f) = 15*f**2 + 9*f - 40. List the prime factors of x(5).
2, 5, 19
Let d be (25/15)/(147/(-54) - -3). Suppose 0 = 5*j - d*j + 77. What are the prime factors of j?
7, 11
Let h = 20 - 18. Suppose h*s - 236 = -3*x, -5*s + x + 783 = 176. What are the prime factors of s?
11
Suppose -4*q = -23*q + 17309. What are the prime factors of q?
911
Suppose -h = -0*h - 3. Suppose -6 = -x - h. What are the prime factors of 1/(x/117) + 3?
2, 3, 7
Suppose -2*m + 486 = -8*m. Let k = -44 - m. What are the prime factors of k?
37
Let b(v) = v**3 - 2*v**2 - 3*v + 2. Let r be b(3). Suppose -r*s - 16 + 52 = 0. Suppose -4*x + 8 = -m, m + 5 = -3*x + s. What are the prime factors of m?
2
Suppose 5*d - 11566 = 8589. List the prime factors of d.
29, 139
What are the prime factors of 35/(-2)*-8 - 3?
137
Let u(g) = -g**2 - 14*g + 4. Suppose 4*o = -35 + 131. Let r = -37 + o. What are the prime factors of u(r)?
17
Let k be 32/24*(-102)/(-4). Let o = k + 12. List the prime factors of o.
2, 23
Suppose 8 = -2*y + 18. Suppose 7*r + 1984 = 4*p + 3*r, y = -5*r. What are the prime factors of (0 + 1)/(15/p)?
3, 11
Let m be 5 - 12/(-8)*42. Suppose -3*y + k = -589, -k = y - 271 + m. What are the prime factors of y?
2, 3, 11
Suppose -11 - 41 = 2*o. Let z = o + 56. List the prime factors of z.
2, 3, 5
Let r be (-57)/(-21) - 4/(-14). Let f be (-320)/(-12) - 2/(-6). Suppose -r*c + f = -0. What are the prime factors of c?
3
Let o(v) = -24*v - 4. Let y be o(-2). Let l be y/(-10) - 26/(-65). List the prime factors of 428/28 + l/14.
3, 5
Let q(f) = -84*f + 357. List the prime factors of q(-7).
3, 5, 7
Let s(q) = 15*q + 4. Let l be s(1). Let o = 78 - l. List the prime factors of o.
59
Suppose -c + 3*t = -4*c + 21, 4*c + 2*t = 26. Suppose 576 = 3*b - 3*m + 240, b + 2*m = 121. Suppose g + b = c*g. What are the prime factors of g?
23
Let j = 1516 + -656. List the prime factors of j.
2, 5, 43
L